te the greatest common divisor of d and u.
15
Let r be (-88)/12*6/(-4). Suppose -5*u - r + 91 = 0. What is the highest common factor of 40 and u?
8
Suppose 3*v + 0*v = 906. Let y = v + -202. Calculate the greatest common divisor of 20 and y.
20
Suppose -3*r + 86 = 4*b - 5*r, -5*r = -3*b + 61. Calculate the greatest common divisor of 55 and b.
11
Suppose -6*q = -q - 20. Let p be ((-27)/108)/((-1)/48). Calculate the highest common factor of q and p.
4
Suppose -o - 5*a = 17 - 4, 0 = 3*o - 4*a - 37. Let s be 1309/49 - (-2)/o. Calculate the highest common divisor of 3 and s.
3
Let u(k) = 4*k**2 + 4*k + 4 - 1 + k**3 + k**2. Let c be u(-3). Calculate the greatest common factor of 36 and c.
9
Suppose -3*m = -4*m + 3, 4*f = 5*m + 57. What is the greatest common factor of f and 3?
3
Suppose -4*a - 48 = -6*a. Calculate the greatest common divisor of a and 192.
24
Suppose 0*u - 20 = -4*u. What is the highest common divisor of 10 and u?
5
Let l be (-4 + (-16)/(-6))*(-1 + -11). Let j = 23 - -1. What is the highest common factor of j and l?
8
Let i = 36 - 34. Let y(k) = -k - 4. Let x be y(-4). Suppose x = -2*j + 4 - i. Calculate the highest common factor of j and 7.
1
Let b = -6 - -8. Calculate the greatest common factor of b and 16.
2
Let s(g) = g**2 - g + 2. Let r be s(2). Let h = 16 - r. Let i = 17 - -13. Calculate the greatest common factor of i and h.
6
Let g(m) = -7*m. Let t be g(-1). Let j(d) = -d**2 + 9*d - 8. Let r be j(t). Suppose -l + 48 = -0*l. Calculate the highest common factor of r and l.
6
Let w(j) = -j**2 - 12*j - 13. Let v be w(-7). Let i be (v/3)/(10/105). What is the greatest common divisor of 7 and i?
7
Let c be (-21)/(-7) - (-2 + 0 + 1). What is the highest common factor of c and 52?
4
Suppose 2*m = 7*m. Suppose 4*k - 3*k + 85 = m. Let v = 68 - k. Calculate the highest common divisor of 17 and v.
17
Let a be 0 + 1 + (-1 - -2). Suppose 0 = l + a*l - 36. What is the greatest common factor of l and 24?
12
Let f be (-2)/(-2) - 17 - 2. Let v be (-24)/(-9)*f/(-8). Calculate the greatest common divisor of v and 3.
3
Let w(k) = k**3 + 17 + 11*k - 11*k - k**2. Let o be w(0). Calculate the highest common divisor of o and 34.
17
Let d = 0 + 22. Let t = d - -8. Let m be (-3)/(1 + (-39)/t). What is the greatest common divisor of m and 4?
2
Suppose 0 = 3*d + 2*d - 255. Let y = d - 36. What is the greatest common divisor of y and 75?
15
Suppose c = 5, 5*n + c = -309 + 894. Suppose 0 = y + 32 - n. Suppose 7*d = 4*d + y. Calculate the highest common divisor of d and 14.
14
Suppose 0 = -2*n + 2 + 6. Suppose 2*p - 4*m = -4, -n*p + 1 = m - 0. Suppose p*s - 272 = -4*s. Calculate the greatest common factor of s and 17.
17
Let q(i) = 5*i - 2. Let u(x) = -14*x + 6. Let s(c) = 11*q(c) + 4*u(c). Let d be s(-1). What is the greatest common divisor of 1 and d?
1
Let n(i) = -i**3 - i**2 + 2*i + 1. Let v be n(-2). What is the greatest common factor of v and 8?
1
Suppose -2*u = -4*q - 4, q + 4 = 5*u - 15. Calculate the highest common factor of q and 1.
1
Suppose -3*p + 8*p + 4*k = -5, 3*p - k = 14. What is the greatest common divisor of 12 and p?
3
Suppose 0 = -5*y + 34 - 9. Suppose y*f - 48 = 4*f. Suppose 400 = 2*l + f. Calculate the greatest common factor of 16 and l.
16
Let m(k) = -k**3 + 7*k**2 - 5*k + 1. Let r be m(4). What is the highest common factor of 203 and r?
29
Suppose 3*g - 31 = 4*r, -5*g - 2*r = -2 - 15. Let n be 250/3 + (-20)/(-30). Suppose -g*t = -t - n. Calculate the greatest common divisor of t and 14.
7
Let s(o) = o + 8. Let k be s(0). What is the highest common factor of 64 and k?
8
Let g = -3 + 25. Let p(l) = l - 109. Let a be p(0). Let q be -3 - -1 - -3 - a. What is the highest common divisor of q and g?
22
Let f be 12/(-15)*110/(-4). Calculate the greatest common divisor of f and 55.
11
Let a = 11 + -10. Calculate the highest common divisor of a and 1.
1
Suppose -2*c = 3*c - 300. Calculate the greatest common divisor of 24 and c.
12
Suppose 2*d + 2*f - 86 = 0, -2*d + 46 = -d + 2*f. Let o(u) = u - 1. Let m be o(9). What is the highest common factor of d and m?
8
Suppose -4*m - 81 = -3*u - 2*m, 4*u = 5*m + 108. Suppose 2*c = -c + 78. Let f = -17 + c. Calculate the highest common factor of f and u.
9
Let c be (-4)/(4/(-4)*2). Suppose c*s - 4*u + 5 = 3, -2*s - 4*u + 14 = 0. Calculate the highest common divisor of s and 24.
3
Let y(q) = 4*q**2 + q + 1. Let t be y(-1). Suppose t*a - 66 = 6. What is the highest common divisor of a and 198?
18
Suppose 15 = m - 19. Calculate the greatest common factor of m and 170.
34
Let p(b) = b**2 + b + 15. Let f be p(0). What is the highest common divisor of 10 and f?
5
Suppose 0 = -5*d - 3*c + 78 - 31, -d = c - 9. What is the highest common divisor of d and 25?
5
Suppose 0 = -0*u + 5*u. Suppose -4*l - h + 1 = 2*h, u = 4*l + 4*h + 4. Calculate the greatest common factor of l and 20.
4
Let k = 124 - 8. What is the greatest common divisor of k and 29?
29
Let z be 2/9 + (-372)/(-27) - 2. Calculate the greatest common divisor of 18 and z.
6
Suppose -5*h = -3*v - 82, -v + 4*v + h + 88 = 0. Let n = v - -36. Let g be 77*-2*(-1)/2. Calculate the greatest common divisor of n and g.
7
Suppose 0 = 2*x - 5*x - 3*m + 39, -x - 12 = -4*m. Let i = 5 - x. Let y be 2/(-6) + (-49)/i. Calculate the highest common factor of 4 and y.
4
Let b = 9 + 9. Suppose 4*z - b = -4*v + 82, 0 = -3*v - 4*z + 73. What is the greatest common factor of 3 and v?
3
Let k = -142 - -158. Calculate the highest common divisor of k and 16.
16
Suppose -3*j - q + 62 = 0, 2*j - 3*j + 2*q = -30. Let y be 6/(-45) - (-224)/105. Suppose -y*m + 33 = m. Calculate the highest common divisor of m and j.
11
Let s = 7 - 12. Let b(n) = -n - 5. Let k be b(s). Suppose 4*q - 5*q - 2*f + 181 = k, -4*q + 659 = -5*f. What is the highest common factor of 19 and q?
19
Let m be (-42)/(-54) - 2/(-9). Calculate the greatest common factor of m and 7.
1
Let g be (-2 + -1)*1 + 1. Let h be -1 + 1/(g/(-82)). What is the greatest common divisor of h and 16?
8
Suppose 4*p - 528 = 2*p. What is the highest common factor of p and 24?
24
Suppose -492 = 11*t - 17*t. Calculate the highest common divisor of t and 205.
41
Let u = -41 + 56. What is the highest common divisor of u and 60?
15
Suppose 5*w + 69 - 969 = 0. Calculate the greatest common factor of 20 and w.
20
Let d be (-18)/(-4 - 30/(-9)). What is the greatest common factor of d and 243?
27
Let a be (-14)/(-6)*(-6 - -3). Let l = 35 + a. Calculate the greatest common divisor of l and 14.
14
Suppose -3*s + 32 = -2*s + 2*p, 5*p + 46 = s. What is the highest common factor of 54 and s?
18
Suppose -3*v + 189 = 3*p - 6*v, -4*p - 5*v = -252. Let w(r) = -r + 1. Let a be w(-6). Calculate the highest common factor of a and p.
7
Suppose -5*r = -4*q + 108, -4*r - 126 = -5*q - 0*r. What is the greatest common factor of 66 and q?
22
Suppose 0*h - 3*h + 6 = 0. Suppose -3*u + 11 = h. What is the greatest common factor of 15 and u?
3
Let t(r) = -r. Let f be t(-2). What is the highest common divisor of f and 22?
2
Suppose 6 = -b + 4*b. Suppose b*c = 5*c. Suppose c = v - 18 + 6. What is the greatest common factor of v and 3?
3
Suppose 0*j - 4*j + 28 = 0. Calculate the greatest common divisor of 35 and j.
7
Let s = -147 - -246. Let p = 5 - 4. Let g be 11 + (-2 + p)*2. Calculate the highest common divisor of g and s.
9
Let a(q) = q**3 + 4*q**2 + 2*q + 2. Let n be a(-3). What is the highest common factor of n and 25?
5
Suppose 0 = 2*g + 2*u - 56, 3*g - 23 = -u + 65. Calculate the highest common factor of 10 and g.
10
Suppose -u + 526 = 4*i, 3*i + 6*u = 2*u + 388. Suppose 5*s = 1 + 9. Suppose -5*a = -5*r + 50, -s = -5*a + 8. What is the highest common factor of i and r?
12
Suppose -12 = 4*l - 60. Calculate the greatest common divisor of l and 108.
12
Let u = -89 + 170. Calculate the highest common factor of 9 and u.
9
Let l(c) = 113*c**3 - c. Let v be l(1). Let x = -1 - -1. Suppose 3*u = -x*u - 4*p + 48, 0 = 4*u - 2*p - 64. Calculate the greatest common factor of u and v.
16
Suppose 5*a = -3*h - 2, -4*a = -0*a - 8. Let y be (-356)/(-2)*2/4. Let c = y + h. Calculate the highest common factor of 17 and c.
17
Suppose 7 + 33 = 5*v. Let d be 2/8 + 118/v. Suppose -b = -4*b + 360. What is the highest common divisor of d and b?
15
Suppose -37 = 4*x - 93. Let b = 11